ate the remainder when j is divided by q.
10
Let z = 70 - 25. Let o be ((-18)/(-5))/((-7)/(-35)). Let r = o - 6. Calculate the remainder when z is divided by r.
9
Let i = -10 + 16. Let r(q) = -q**3 + q**2 + q + 10. Let b(y) = y**3 - 3*y**2 + 2*y. Let n be b(2). What is the remainder when r(n) is divided by i?
4
Calculate the remainder when 52 is divided by (-15 + 8)/(1/8*-2).
24
Suppose 2*r + 2 = 0, -70 = -5*t - 0*r + 5*r. Let u(q) = q**2 + 1. What is the remainder when u(6) is divided by t?
11
Let f(l) = 3*l**2. Let q be f(-2). Calculate the remainder when 13 is divided by 4/q - 28/(-6).
3
Suppose 0 = 2*b - 4, 0*l = 5*l + b - 127. Calculate the remainder when 72 is divided by l.
22
Let s(f) be the second derivative of -f**5/4 - f**4/12 + f**2/2 + 4*f. Calculate the remainder when s(-1) is divided by 4.
1
Let r(c) = -3*c - 4. Let o be r(-4). Let b = o - -39. What is the remainder when b is divided by 12?
11
Let i(f) = 3*f**3 - 10*f - 8*f**2 - 2*f**3 - 2*f**3 - 9. Calculate the remainder when 21 is divided by i(-7).
9
Suppose -192 = -2*i + 4*g, -6*i + 2*i + 4*g + 380 = 0. Calculate the remainder when i is divided by 24.
22
Suppose -4*a + 41 = -11. Suppose -4*j = m - 3*m - 6, 0 = 3*m - 9. Let b = a + j. What is the remainder when b is divided by 6?
4
Let r(h) = -16*h - 14. Calculate the remainder when r(-4) is divided by 13.
11
Suppose -g = 1 - 4. Suppose g*h = 4*h - 5. Calculate the remainder when 9 is divided by h.
4
What is the remainder when 21 - ((3 - 2) + -5) is divided by 14?
11
Suppose 0 = 3*j - 7*j + 2*c + 14, -j - 5*c + 20 = 0. Suppose j*f + 9 + 44 = 4*t, -t + 11 = f. Calculate the remainder when 22 is divided by t.
10
Suppose -3*r + r = -46. What is the remainder when 66 is divided by r?
20
Suppose 2*s = b - 6*b + 107, 3*s = -5*b + 108. Suppose -3*g = -6*g + b. Suppose y + 3*y = 12. Calculate the remainder when g is divided by y.
1
Suppose 0 = -o - 3. Suppose -2*w - 13 - 1 = 0. Let z = o - w. Calculate the remainder when z is divided by 2.
0
Let h = 86 + -43. What is the remainder when h is divided by 12?
7
Suppose -y + 10 = -3*q, -2*q - 1 + 17 = 5*y. Calculate the remainder when 5 is divided by (-4)/(q + 0 + 0).
1
Suppose 0 = 2*b - 0 - 56. Let g(t) = -t**3 + t**2 - t + 10. What is the remainder when b is divided by g(0)?
8
Suppose -5*t + 56 = -v - 32, 4*v - 5 = -t. Suppose 42 = 3*i - 4*c, 3*c - 8*c = i + 5. What is the remainder when t is divided by i?
7
Let k = 2 - 4. Let y be -6 + (0/k)/1. Let s(r) = -r**3 - 6*r**2 - 3*r - 6. Calculate the remainder when 23 is divided by s(y).
11
Let y be 3*(14/6)/1. Suppose 4*k - y = 9. Suppose 3*d - 2*z - 7 = -z, 2*d - k = z. Calculate the remainder when 4 is divided by d.
1
Let l = 1 + 1. Suppose -7 = m - l*m - 3*a, -2*m = -a + 7. Calculate the remainder when 20 is divided by m/9 - (-505)/45.
9
Suppose -2*n = -116 - 66. Calculate the remainder when n is divided by 31.
29
Suppose 0 = 2*x - 10, -4*c + 2*x - 11 = 7. Calculate the remainder when c*20/8*-4 is divided by 7.
6
Suppose -195 = -8*n + 173. What is the remainder when n is divided by 24?
22
Let w be (3 + 1)*6/8. Suppose -w*c - 2 = -4*c. Suppose -1 = -k + c. Calculate the remainder when 8 is divided by k.
2
Calculate the remainder when 5 is divided by ((-2)/9)/((-11)/99).
1
Let i be (-2)/(-1)*1*3. Suppose -2 + i = o. Suppose 12*n - 30 = 10*n. Calculate the remainder when n is divided by o.
3
Suppose -4 = -2*i + i. Suppose 9*r = i*r. Calculate the remainder when 10 is divided by 2*(r + -1 + 4).
4
Let t = -31 - -92. Suppose -2*j + 3*s = -t, 3*j = 4*s + s + 94. What is the remainder when 89 is divided by j?
20
Calculate the remainder when 55 is divided by ((-21)/(-6))/(1/4).
13
Let b = -6 - -3. Calculate the remainder when 22 is divided by (1*b)/(6/(-12)).
4
Let m be (-2)/7 + 90/21. Calculate the remainder when (m/6)/(2/120) is divided by 14.
12
Suppose -2*n = -b - 41, 2*b = 3*n + b - 63. What is the remainder when n is divided by 12?
10
Let o = 115 - 76. What is the remainder when o is divided by 16?
7
Let z(x) = 39*x - 23. Calculate the remainder when z(4) is divided by 27.
25
Let r be (-9)/3 + 2 - -1. Let t = r + 1. What is the remainder when 6/1*(-1)/(-3) is divided by t?
0
Suppose -4*r - 8 = 2*i, 0*r - 2*i - 8 = -4*r. Suppose -3*p + 0*p + 54 = r. Suppose 6 = 4*z - p. What is the remainder when 10 is divided by z?
4
Suppose -n - 1 + 4 = 0. Suppose 5 + 28 = n*l. Let t = 17 - -14. Calculate the remainder when t is divided by l.
9
Suppose 2*o = 3*o + 3*k + 8, 27 = o - 4*k. Let g be 2 - ((1 - 2) + -1). Suppose -o*v + g = -3*v. What is the remainder when v is divided by 1?
0
Let i(s) = 3*s + 2. Let j be i(4). Suppose 3*k - j - 16 = 0. Suppose 18 = 5*p - 12. Calculate the remainder when k is divided by p.
4
Calculate the remainder when ((-1 - (-2)/(-2)) + 1)*-89 is divided by 23.
20
Let b = 92 + -49. Suppose 3 = 6*v - 87. What is the remainder when b is divided by v?
13
Suppose -3*z = -0*z. What is the remainder when (0 + 47)/(z - -1) is divided by 16?
15
Suppose -8*f - 56 = -10*f. Suppose -4*b - n + 26 = -3*n, 17 = 3*b - n. Let j = b - -11. What is the remainder when f is divided by j?
13
Let g(t) = 2*t**2 + 2*t - 1. Let x be g(2). Suppose 0*y + x = 4*y - m, -2*m - 8 = -y. What is the remainder when 5 is divided by y?
1
Let c(z) = z**2 + 2*z - 1. Let n(t) = -t - 13. Suppose -g = -7 + 17. Let j be n(g). What is the remainder when 2 is divided by c(j)?
0
Let h(v) = 5*v - 11 - 2*v + 1. Calculate the remainder when 42 is divided by h(7).
9
Let z = 45 + -27. Suppose -z = -3*m + m. What is the remainder when 16 is divided by m?
7
Let i(s) = -s**2 + 9*s - 1. What is the remainder when i(8) is divided by 2?
1
Let i(k) = -k**3 + 8*k**2 - 5*k - 10. Suppose 43 = 5*v - 4*f - 28, -5*v = -5*f - 75. Calculate the remainder when v is divided by i(7).
3
Let r = 96 + -29. Calculate the remainder when r is divided by (476/(-70))/(2/(-5)).
16
Let p(t) = -t**3 + 7*t**2 + 9*t + 10. Let w be (((-24)/3)/1)/(-1). Calculate the remainder when 35 is divided by p(w).
17
Suppose -i + 64 = 3*i. Calculate the remainder when (46/(-8))/((-4)/32) is divided by i.
14
Let h = 30 - 10. Suppose 0 = o - 4 - 3. Let x(u) = 9*u - 5. What is the remainder when x(o) is divided by h?
18
Let o = -11 - -16. Suppose -3*p + 97 = -o. Calculate the remainder when p is divided by 12.
10
Let c be 3/3 + -3 - 3. Let f(h) = -3*h - 7. Let r be f(c). Let b = r + -6. What is the remainder when b is divided by 2?
0
Let y(f) = -f**2 + 2*f - 7. Let l be y(5). Let s = -18 - l. What is the remainder when 11 is divided by s?
3
Suppose -3*p + 12 = 3. Suppose z + 0*z = 0, p*z - 27 = -3*j. Calculate the remainder when j is divided by 3.
0
Let d be 146/(-4) + 2/(-4). Let o = 78 + d. Suppose -4*a + o = -4*l - 15, -4*a - l + 41 = 0. Calculate the remainder when 30 is divided by a.
8
Suppose 34 = 2*l - 5*m, -l - 16 = 4*m - 7. Let a(u) = -2*u + 3. Calculate the remainder when a(-5) is divided by l.
6
Let t be (-2 + 3)*(12 - 1). Let s = -5 + t. Calculate the remainder when s is divided by 2.
0
Let a(q) = -q**3 - q**2 + q + 4. Let k = 3 - 6. Calculate the remainder when a(k) is divided by 10.
9
Let i(w) = 6*w + 4. Let k(d) = -7*d - 5. Let p(v) = 5*i(v) + 4*k(v). Let q = -5 - -9. Calculate the remainder when q is divided by p(1).
0
Let g = 12 - 11. Let u = 5 + g. Calculate the remainder when u is divided by 2.
0
Suppose 2*k - g - 9 = 12, 4*k - 44 = 4*g. Let m(q) = -2*q**3 - 4*q**2 - 3*q + 1. Calculate the remainder when m(-3) is divided by k.
8
Let k be (-2)/(-2) + -3*7. Let d = k - -57. Calculate the remainder when d is divided by 19.
18
Suppose -b + m - 7 + 4 = 0, -3*m = -2*b - 4. Let p = b + 7. Suppose -2*n - n - 16 = -p*s, 0 = -4*s - 4*n + 72. Calculate the remainder when 53 is divided by s.
11
Suppose 36 = 3*g - 66. Calculate the remainder when g is divided by 1 - (-6)/(-4) - 407/(-22).
16
Let i(b) = -b**2 - 17*b - 20. What is the remainder when 38 is divided by i(-14)?
16
Let j(i) = -i**3 + 11*i**2 + 12*i + 8. What is the remainder when 22 is divided by j(12)?
6
Let m = 15 - 11. Suppose 24 = 5*q - 41. Calculate the remainder when q is divided by 17/m + 6/8.
3
Suppose -4*x + b = -21, -b - 28 + 3 = -5*x. Suppose x*l - 16 + 4 = 0. Calculate the remainder when 5 is divided by l.
2
Calculate the remainder when -5*